{"id":2294,"date":"2024-06-19T07:13:21","date_gmt":"2024-06-19T07:13:21","guid":{"rendered":"https:\/\/mariebraner.de\/portfolio\/?page_id=2294"},"modified":"2026-03-06T10:44:41","modified_gmt":"2026-03-06T10:44:41","slug":"blog","status":"publish","type":"page","link":"https:\/\/mariebraner.de\/portfolio\/blog\/","title":{"rendered":"Blog"},"content":{"rendered":"","protected":false},"excerpt":{"rendered":"","protected":false},"author":3,"featured_media":0,"parent":0,"menu_order":0,"comment_status":"closed","ping_status":"closed","template":"template-blog.php","meta":{"_acf_changed":false,"footnotes":""},"class_list":["post-2294","page","type-page","status-publish","hentry"],"acf":[],"yoast_head":"<!-- This site is optimized with the Yoast SEO plugin v27.4 - https:\/\/yoast.com\/product\/yoast-seo-wordpress\/ -->\n<title>Blog - Marie Braner<\/title>\n<meta name=\"description\" content=\"Hier erfahrt ihr alles zu aktuellen Ver\u00f6ffentlichungen, Lesungsangeboten und anderen Neuigkeiten. Viel Spa\u00df beim St\u00f6bern!\" \/>\n<meta name=\"robots\" content=\"index, follow, max-snippet:-1, max-image-preview:large, max-video-preview:-1\" \/>\n<link rel=\"canonical\" href=\"https:\/\/mariebraner.de\/portfolio\/blog\/\" \/>\n<meta property=\"og:locale\" content=\"de_DE\" \/>\n<meta property=\"og:type\" content=\"article\" \/>\n<meta property=\"og:title\" content=\"Blog - Marie Braner\" \/>\n<meta property=\"og:description\" content=\"Hier erfahrt ihr alles zu aktuellen Ver\u00f6ffentlichungen, Lesungsangeboten und anderen Neuigkeiten. Viel Spa\u00df beim St\u00f6bern!\" \/>\n<meta property=\"og:url\" content=\"https:\/\/mariebraner.de\/portfolio\/blog\/\" \/>\n<meta property=\"og:site_name\" content=\"Marie Braner\" \/>\n<meta property=\"article:modified_time\" content=\"2026-03-06T10:44:41+00:00\" \/>\n<meta name=\"twitter:card\" content=\"summary_large_image\" \/>\n<script type=\"application\/ld+json\" class=\"yoast-schema-graph\">{\"@context\":\"https:\\\/\\\/schema.org\",\"@graph\":[{\"@type\":\"WebPage\",\"@id\":\"https:\\\/\\\/mariebraner.de\\\/portfolio\\\/blog\\\/\",\"url\":\"https:\\\/\\\/mariebraner.de\\\/portfolio\\\/blog\\\/\",\"name\":\"Blog - Marie Braner\",\"isPartOf\":{\"@id\":\"https:\\\/\\\/mariebraner.de\\\/portfolio\\\/#website\"},\"datePublished\":\"2024-06-19T07:13:21+00:00\",\"dateModified\":\"2026-03-06T10:44:41+00:00\",\"description\":\"Hier erfahrt ihr alles zu aktuellen Ver\u00f6ffentlichungen, Lesungsangeboten und anderen Neuigkeiten. Viel Spa\u00df beim St\u00f6bern!\",\"breadcrumb\":{\"@id\":\"https:\\\/\\\/mariebraner.de\\\/portfolio\\\/blog\\\/#breadcrumb\"},\"inLanguage\":\"de\",\"potentialAction\":[{\"@type\":\"ReadAction\",\"target\":[\"https:\\\/\\\/mariebraner.de\\\/portfolio\\\/blog\\\/\"]}]},{\"@type\":\"BreadcrumbList\",\"@id\":\"https:\\\/\\\/mariebraner.de\\\/portfolio\\\/blog\\\/#breadcrumb\",\"itemListElement\":[{\"@type\":\"ListItem\",\"position\":1,\"name\":\"Startseite\",\"item\":\"https:\\\/\\\/mariebraner.de\\\/portfolio\\\/\"},{\"@type\":\"ListItem\",\"position\":2,\"name\":\"Blog\"}]},{\"@type\":\"WebSite\",\"@id\":\"https:\\\/\\\/mariebraner.de\\\/portfolio\\\/#website\",\"url\":\"https:\\\/\\\/mariebraner.de\\\/portfolio\\\/\",\"name\":\"Marie Braner\",\"description\":\"Illustrationen und Geschichten\",\"publisher\":{\"@id\":\"https:\\\/\\\/mariebraner.de\\\/portfolio\\\/#\\\/schema\\\/person\\\/6ed2b264ddc6206a2e251cfe954a9776\"},\"potentialAction\":[{\"@type\":\"SearchAction\",\"target\":{\"@type\":\"EntryPoint\",\"urlTemplate\":\"https:\\\/\\\/mariebraner.de\\\/portfolio\\\/?s={search_term_string}\"},\"query-input\":{\"@type\":\"PropertyValueSpecification\",\"valueRequired\":true,\"valueName\":\"search_term_string\"}}],\"inLanguage\":\"de\"},{\"@type\":[\"Person\",\"Organization\"],\"@id\":\"https:\\\/\\\/mariebraner.de\\\/portfolio\\\/#\\\/schema\\\/person\\\/6ed2b264ddc6206a2e251cfe954a9776\",\"name\":\"KleinMi\",\"logo\":{\"@id\":\"https:\\\/\\\/mariebraner.de\\\/portfolio\\\/#\\\/schema\\\/person\\\/image\\\/\"}}]}<\/script>\n<!-- \/ Yoast SEO plugin. -->","yoast_head_json":{"title":"Blog - Marie Braner","description":"Hier erfahrt ihr alles zu aktuellen Ver\u00f6ffentlichungen, Lesungsangeboten und anderen Neuigkeiten. Viel Spa\u00df beim St\u00f6bern!","robots":{"index":"index","follow":"follow","max-snippet":"max-snippet:-1","max-image-preview":"max-image-preview:large","max-video-preview":"max-video-preview:-1"},"canonical":"https:\/\/mariebraner.de\/portfolio\/blog\/","og_locale":"de_DE","og_type":"article","og_title":"Blog - Marie Braner","og_description":"Hier erfahrt ihr alles zu aktuellen Ver\u00f6ffentlichungen, Lesungsangeboten und anderen Neuigkeiten. Viel Spa\u00df beim St\u00f6bern!","og_url":"https:\/\/mariebraner.de\/portfolio\/blog\/","og_site_name":"Marie Braner","article_modified_time":"2026-03-06T10:44:41+00:00","twitter_card":"summary_large_image","schema":{"@context":"https:\/\/schema.org","@graph":[{"@type":"WebPage","@id":"https:\/\/mariebraner.de\/portfolio\/blog\/","url":"https:\/\/mariebraner.de\/portfolio\/blog\/","name":"Blog - Marie Braner","isPartOf":{"@id":"https:\/\/mariebraner.de\/portfolio\/#website"},"datePublished":"2024-06-19T07:13:21+00:00","dateModified":"2026-03-06T10:44:41+00:00","description":"Hier erfahrt ihr alles zu aktuellen Ver\u00f6ffentlichungen, Lesungsangeboten und anderen Neuigkeiten. Viel Spa\u00df beim St\u00f6bern!","breadcrumb":{"@id":"https:\/\/mariebraner.de\/portfolio\/blog\/#breadcrumb"},"inLanguage":"de","potentialAction":[{"@type":"ReadAction","target":["https:\/\/mariebraner.de\/portfolio\/blog\/"]}]},{"@type":"BreadcrumbList","@id":"https:\/\/mariebraner.de\/portfolio\/blog\/#breadcrumb","itemListElement":[{"@type":"ListItem","position":1,"name":"Startseite","item":"https:\/\/mariebraner.de\/portfolio\/"},{"@type":"ListItem","position":2,"name":"Blog"}]},{"@type":"WebSite","@id":"https:\/\/mariebraner.de\/portfolio\/#website","url":"https:\/\/mariebraner.de\/portfolio\/","name":"Marie Braner","description":"Illustrationen und Geschichten","publisher":{"@id":"https:\/\/mariebraner.de\/portfolio\/#\/schema\/person\/6ed2b264ddc6206a2e251cfe954a9776"},"potentialAction":[{"@type":"SearchAction","target":{"@type":"EntryPoint","urlTemplate":"https:\/\/mariebraner.de\/portfolio\/?s={search_term_string}"},"query-input":{"@type":"PropertyValueSpecification","valueRequired":true,"valueName":"search_term_string"}}],"inLanguage":"de"},{"@type":["Person","Organization"],"@id":"https:\/\/mariebraner.de\/portfolio\/#\/schema\/person\/6ed2b264ddc6206a2e251cfe954a9776","name":"KleinMi","logo":{"@id":"https:\/\/mariebraner.de\/portfolio\/#\/schema\/person\/image\/"}}]}},"_links":{"self":[{"href":"https:\/\/mariebraner.de\/portfolio\/wp-json\/wp\/v2\/pages\/2294","targetHints":{"allow":["GET"]}}],"collection":[{"href":"https:\/\/mariebraner.de\/portfolio\/wp-json\/wp\/v2\/pages"}],"about":[{"href":"https:\/\/mariebraner.de\/portfolio\/wp-json\/wp\/v2\/types\/page"}],"author":[{"embeddable":true,"href":"https:\/\/mariebraner.de\/portfolio\/wp-json\/wp\/v2\/users\/3"}],"replies":[{"embeddable":true,"href":"https:\/\/mariebraner.de\/portfolio\/wp-json\/wp\/v2\/comments?post=2294"}],"version-history":[{"count":3,"href":"https:\/\/mariebraner.de\/portfolio\/wp-json\/wp\/v2\/pages\/2294\/revisions"}],"predecessor-version":[{"id":2384,"href":"https:\/\/mariebraner.de\/portfolio\/wp-json\/wp\/v2\/pages\/2294\/revisions\/2384"}],"wp:attachment":[{"href":"https:\/\/mariebraner.de\/portfolio\/wp-json\/wp\/v2\/media?parent=2294"}],"curies":[{"name":"wp","href":"https:\/\/api.w.org\/{rel}","templated":true}]}}