{"id":2395,"date":"2026-04-28T09:19:25","date_gmt":"2026-04-28T09:19:25","guid":{"rendered":"https:\/\/mariebraner.de\/portfolio\/?page_id=2395"},"modified":"2026-04-28T09:19:25","modified_gmt":"2026-04-28T09:19:25","slug":"lesungen","status":"publish","type":"page","link":"https:\/\/mariebraner.de\/portfolio\/lesungen\/","title":{"rendered":"Lesungen"},"content":{"rendered":"<div class=\"wp-block-image\">\n<figure class=\"aligncenter size-large\"><img loading=\"lazy\" decoding=\"async\" width=\"1024\" height=\"409\" src=\"https:\/\/mariebraner.de\/wp-content\/uploads\/2026\/04\/lesungen-1024x409.jpg\" alt=\"\" class=\"wp-image-2396\" srcset=\"https:\/\/mariebraner.de\/wp-content\/uploads\/2026\/04\/lesungen-1024x409.jpg 1024w, https:\/\/mariebraner.de\/wp-content\/uploads\/2026\/04\/lesungen-300x120.jpg 300w, https:\/\/mariebraner.de\/wp-content\/uploads\/2026\/04\/lesungen-768x307.jpg 768w, https:\/\/mariebraner.de\/wp-content\/uploads\/2026\/04\/lesungen-1536x614.jpg 1536w, https:\/\/mariebraner.de\/wp-content\/uploads\/2026\/04\/lesungen.jpg 1971w\" sizes=\"auto, (max-width: 1024px) 100vw, 1024px\" \/><\/figure>\n<\/div>\n\n\n<p><mark style=\"background-color:rgba(0, 0, 0, 0)\" class=\"has-inline-color has-white-color\">.<\/mark><\/p>\n\n\n\n<p><a href=\"https:\/\/mariebraner.de\/portfolio\/portfolio\/das-glashaus-geheimnis-2\/\">Das Glashaus-Geheimnis<\/a>&nbsp;&amp;&nbsp;<a href=\"https:\/\/mariebraner.de\/portfolio\/portfolio\/das-leuchtturm-geheimnis\/\">Das Leuchtturm-Geheimnis<\/a>&nbsp;gehen auf Lesereise und ihr k\u00f6nnt dabei sein!<\/p>\n\n\n\n<p>Das m\u00fcsst ihr wissen:<\/p>\n\n\n\n<ul class=\"wp-block-list\">\n<li>Beide Titel sind von einander unabh\u00e4ngige Geschichten mit einem Fokus auf ein R\u00e4tselabenteuer, die jeweils w\u00e4hrend einer Lesung vorgestellt werden.<\/li>\n\n\n\n<li>Angeboten werden interne Lesungen f\u00fcr Schulklassen und offene Events in Bibliotheken, Buchhandlungen oder Kultureinrichtungen.<\/li>\n\n\n\n<li>Leseempfehlung ab 9 Jahren.\u00a0<\/li>\n\n\n\n<li>In Schulen gilt das Angebot f\u00fcr die Jahrg\u00e4nge 3-6.<\/li>\n\n\n\n<li>Eine Lesung dauert circa 60 Minuten.\u00a0<\/li>\n<\/ul>\n\n\n\n<ul class=\"wp-block-list\">\n<li>(Ggf. signierte) Klassens\u00e4tze oder B\u00fcchertische k\u00f6nnen in Zusammenarbeit mit Buchhandlungen oder dem Verlag organisiert werden.<\/li>\n\n\n\n<li>Druckvorlagen f\u00fcr Lesungsplakate und Flyer werden kostenlos zur Verf\u00fcgung gestellt.<\/li>\n<\/ul>\n\n\n\n<p><mark style=\"background-color:rgba(0, 0, 0, 0)\" class=\"has-inline-color has-white-color\">.<\/mark><\/p>\n\n\n\n<p>Mehr Infos zu den B\u00fcchern findet ihr unter der Rubrik&nbsp;<a href=\"https:\/\/mariebraner.de\/portfolio\/buecher\/\">B\u00fccher<\/a>&nbsp;oder direkt beim&nbsp;<a href=\"https:\/\/www.magellanverlag.de\/person\/braner-marie\/124\">Magellan Verlag<\/a>.&nbsp;<\/p>\n\n\n\n<p>Anfragen k\u00f6nnen per Mail an meine Agentin Carolin Steffens der <a href=\"https:\/\/bilderkammer-illustrationsagentur.de\">Bilderkammer Illustrationsagentur<\/a> <em>&#x63;&#x2e;&#x73;&#x74;&#101;&#102;&#102;en&#x73;&#x40;&#x62;&#x69;&#x6c;&#100;&#101;&#114;ka&#x6d;&#x6d;&#x65;&#x72;&#x2e;&#100;&#101;<\/em>\u00a0\u00a0gestellt werden.<\/p>\n\n\n\n<p>Ich freue mich auf euch!<\/p>\n\n\n\n<p><\/p>\n","protected":false},"excerpt":{"rendered":"<p>. Das Glashaus-Geheimnis&nbsp;&amp;&nbsp;Das Leuchtturm-Geheimnis&nbsp;gehen auf Lesereise und ihr k\u00f6nnt dabei sein! Das m\u00fcsst ihr wissen: . Mehr Infos zu den B\u00fcchern findet ihr unter der Rubrik&nbsp;B\u00fccher&nbsp;oder direkt beim&nbsp;Magellan Verlag.&nbsp; Anfragen k\u00f6nnen per Mail an meine Agentin Carolin Steffens der Bilderkammer Illustrationsagentur &#x63;&#46;&#x73;&#116;&#x65;&#102;f&#x65;&#110;&#x73;&#64;b&#x69;&#108;&#x64;&#101;r&#x6b;a&#x6d;&#109;&#x65;&#x72;&#46;&#x64;&#101;\u00a0\u00a0gestellt werden. Ich freue mich auf euch!<\/p>\n","protected":false},"author":3,"featured_media":0,"parent":0,"menu_order":0,"comment_status":"closed","ping_status":"closed","template":"","meta":{"_acf_changed":false,"footnotes":""},"class_list":["post-2395","page","type-page","status-publish","hentry"],"acf":[],"yoast_head":"<!-- This site is optimized with the Yoast SEO plugin v27.4 - https:\/\/yoast.com\/product\/yoast-seo-wordpress\/ -->\n<title>Lesungen - Marie Braner<\/title>\n<meta name=\"robots\" content=\"index, follow, max-snippet:-1, max-image-preview:large, max-video-preview:-1\" \/>\n<link rel=\"canonical\" href=\"https:\/\/mariebraner.de\/portfolio\/lesungen\/\" \/>\n<meta property=\"og:locale\" content=\"de_DE\" \/>\n<meta property=\"og:type\" content=\"article\" \/>\n<meta property=\"og:title\" content=\"Lesungen - Marie Braner\" \/>\n<meta property=\"og:description\" content=\". Das Glashaus-Geheimnis&nbsp;&amp;&nbsp;Das Leuchtturm-Geheimnis&nbsp;gehen auf Lesereise und ihr k\u00f6nnt dabei sein! Das m\u00fcsst ihr wissen: . Mehr Infos zu den B\u00fcchern findet ihr unter der Rubrik&nbsp;B\u00fccher&nbsp;oder direkt beim&nbsp;Magellan Verlag.&nbsp; Anfragen k\u00f6nnen per Mail an meine Agentin Carolin Steffens der Bilderkammer Illustrationsagentur &#x63;&#x2e;&#x73;&#x74;&#x65;&#x66;&#x66;&#x65;&#x6e;&#x73;&#x40;&#x62;&#x69;&#x6c;&#100;&#101;&#114;&#107;&#097;&#109;&#109;&#101;&#114;&#046;&#100;e\u00a0\u00a0gestellt werden. Ich freue mich auf euch!\" \/>\n<meta property=\"og:url\" content=\"https:\/\/mariebraner.de\/portfolio\/lesungen\/\" \/>\n<meta property=\"og:site_name\" content=\"Marie Braner\" \/>\n<meta property=\"og:image\" content=\"https:\/\/mariebraner.de\/wp-content\/uploads\/2026\/04\/lesungen.jpg\" \/>\n\t<meta property=\"og:image:width\" content=\"1971\" \/>\n\t<meta property=\"og:image:height\" content=\"788\" \/>\n\t<meta property=\"og:image:type\" content=\"image\/jpeg\" \/>\n<meta name=\"twitter:card\" content=\"summary_large_image\" \/>\n<meta name=\"twitter:label1\" content=\"Gesch\u00e4tzte Lesezeit\" \/>\n\t<meta name=\"twitter:data1\" content=\"1\u00a0Minute\" \/>\n<script type=\"application\/ld+json\" class=\"yoast-schema-graph\">{\"@context\":\"https:\\\/\\\/schema.org\",\"@graph\":[{\"@type\":\"WebPage\",\"@id\":\"https:\\\/\\\/mariebraner.de\\\/portfolio\\\/lesungen\\\/\",\"url\":\"https:\\\/\\\/mariebraner.de\\\/portfolio\\\/lesungen\\\/\",\"name\":\"Lesungen - Marie Braner\",\"isPartOf\":{\"@id\":\"https:\\\/\\\/mariebraner.de\\\/portfolio\\\/#website\"},\"primaryImageOfPage\":{\"@id\":\"https:\\\/\\\/mariebraner.de\\\/portfolio\\\/lesungen\\\/#primaryimage\"},\"image\":{\"@id\":\"https:\\\/\\\/mariebraner.de\\\/portfolio\\\/lesungen\\\/#primaryimage\"},\"thumbnailUrl\":\"https:\\\/\\\/mariebraner.de\\\/wp-content\\\/uploads\\\/2026\\\/04\\\/lesungen-1024x409.jpg\",\"datePublished\":\"2026-04-28T09:19:25+00:00\",\"breadcrumb\":{\"@id\":\"https:\\\/\\\/mariebraner.de\\\/portfolio\\\/lesungen\\\/#breadcrumb\"},\"inLanguage\":\"de\",\"potentialAction\":[{\"@type\":\"ReadAction\",\"target\":[\"https:\\\/\\\/mariebraner.de\\\/portfolio\\\/lesungen\\\/\"]}]},{\"@type\":\"ImageObject\",\"inLanguage\":\"de\",\"@id\":\"https:\\\/\\\/mariebraner.de\\\/portfolio\\\/lesungen\\\/#primaryimage\",\"url\":\"https:\\\/\\\/mariebraner.de\\\/wp-content\\\/uploads\\\/2026\\\/04\\\/lesungen-1024x409.jpg\",\"contentUrl\":\"https:\\\/\\\/mariebraner.de\\\/wp-content\\\/uploads\\\/2026\\\/04\\\/lesungen-1024x409.jpg\"},{\"@type\":\"BreadcrumbList\",\"@id\":\"https:\\\/\\\/mariebraner.de\\\/portfolio\\\/lesungen\\\/#breadcrumb\",\"itemListElement\":[{\"@type\":\"ListItem\",\"position\":1,\"name\":\"Startseite\",\"item\":\"https:\\\/\\\/mariebraner.de\\\/portfolio\\\/\"},{\"@type\":\"ListItem\",\"position\":2,\"name\":\"Lesungen\"}]},{\"@type\":\"WebSite\",\"@id\":\"https:\\\/\\\/mariebraner.de\\\/portfolio\\\/#website\",\"url\":\"https:\\\/\\\/mariebraner.de\\\/portfolio\\\/\",\"name\":\"Marie Braner\",\"description\":\"Illustrationen und Geschichten\",\"publisher\":{\"@id\":\"https:\\\/\\\/mariebraner.de\\\/portfolio\\\/#\\\/schema\\\/person\\\/6ed2b264ddc6206a2e251cfe954a9776\"},\"potentialAction\":[{\"@type\":\"SearchAction\",\"target\":{\"@type\":\"EntryPoint\",\"urlTemplate\":\"https:\\\/\\\/mariebraner.de\\\/portfolio\\\/?s={search_term_string}\"},\"query-input\":{\"@type\":\"PropertyValueSpecification\",\"valueRequired\":true,\"valueName\":\"search_term_string\"}}],\"inLanguage\":\"de\"},{\"@type\":[\"Person\",\"Organization\"],\"@id\":\"https:\\\/\\\/mariebraner.de\\\/portfolio\\\/#\\\/schema\\\/person\\\/6ed2b264ddc6206a2e251cfe954a9776\",\"name\":\"KleinMi\",\"logo\":{\"@id\":\"https:\\\/\\\/mariebraner.de\\\/portfolio\\\/#\\\/schema\\\/person\\\/image\\\/\"}}]}<\/script>\n<!-- \/ Yoast SEO plugin. -->","yoast_head_json":{"title":"Lesungen - Marie Braner","robots":{"index":"index","follow":"follow","max-snippet":"max-snippet:-1","max-image-preview":"max-image-preview:large","max-video-preview":"max-video-preview:-1"},"canonical":"https:\/\/mariebraner.de\/portfolio\/lesungen\/","og_locale":"de_DE","og_type":"article","og_title":"Lesungen - Marie Braner","og_description":". Das Glashaus-Geheimnis&nbsp;&amp;&nbsp;Das Leuchtturm-Geheimnis&nbsp;gehen auf Lesereise und ihr k\u00f6nnt dabei sein! Das m\u00fcsst ihr wissen: . Mehr Infos zu den B\u00fcchern findet ihr unter der Rubrik&nbsp;B\u00fccher&nbsp;oder direkt beim&nbsp;Magellan Verlag.&nbsp; Anfragen k\u00f6nnen per Mail an meine Agentin Carolin Steffens der Bilderkammer Illustrationsagentur &#x63;&#x2e;&#x73;&#x74;&#x65;&#x66;&#x66;&#x65;&#x6e;&#x73;&#x40;&#x62;&#x69;&#x6c;&#100;&#101;&#114;&#107;&#97;&#109;&#109;&#101;&#114;&#46;&#100;e\u00a0\u00a0gestellt werden. Ich freue mich auf euch!","og_url":"https:\/\/mariebraner.de\/portfolio\/lesungen\/","og_site_name":"Marie Braner","og_image":[{"width":1971,"height":788,"url":"https:\/\/mariebraner.de\/wp-content\/uploads\/2026\/04\/lesungen.jpg","type":"image\/jpeg"}],"twitter_card":"summary_large_image","twitter_misc":{"Gesch\u00e4tzte Lesezeit":"1\u00a0Minute"},"schema":{"@context":"https:\/\/schema.org","@graph":[{"@type":"WebPage","@id":"https:\/\/mariebraner.de\/portfolio\/lesungen\/","url":"https:\/\/mariebraner.de\/portfolio\/lesungen\/","name":"Lesungen - Marie Braner","isPartOf":{"@id":"https:\/\/mariebraner.de\/portfolio\/#website"},"primaryImageOfPage":{"@id":"https:\/\/mariebraner.de\/portfolio\/lesungen\/#primaryimage"},"image":{"@id":"https:\/\/mariebraner.de\/portfolio\/lesungen\/#primaryimage"},"thumbnailUrl":"https:\/\/mariebraner.de\/wp-content\/uploads\/2026\/04\/lesungen-1024x409.jpg","datePublished":"2026-04-28T09:19:25+00:00","breadcrumb":{"@id":"https:\/\/mariebraner.de\/portfolio\/lesungen\/#breadcrumb"},"inLanguage":"de","potentialAction":[{"@type":"ReadAction","target":["https:\/\/mariebraner.de\/portfolio\/lesungen\/"]}]},{"@type":"ImageObject","inLanguage":"de","@id":"https:\/\/mariebraner.de\/portfolio\/lesungen\/#primaryimage","url":"https:\/\/mariebraner.de\/wp-content\/uploads\/2026\/04\/lesungen-1024x409.jpg","contentUrl":"https:\/\/mariebraner.de\/wp-content\/uploads\/2026\/04\/lesungen-1024x409.jpg"},{"@type":"BreadcrumbList","@id":"https:\/\/mariebraner.de\/portfolio\/lesungen\/#breadcrumb","itemListElement":[{"@type":"ListItem","position":1,"name":"Startseite","item":"https:\/\/mariebraner.de\/portfolio\/"},{"@type":"ListItem","position":2,"name":"Lesungen"}]},{"@type":"WebSite","@id":"https:\/\/mariebraner.de\/portfolio\/#website","url":"https:\/\/mariebraner.de\/portfolio\/","name":"Marie Braner","description":"Illustrationen und Geschichten","publisher":{"@id":"https:\/\/mariebraner.de\/portfolio\/#\/schema\/person\/6ed2b264ddc6206a2e251cfe954a9776"},"potentialAction":[{"@type":"SearchAction","target":{"@type":"EntryPoint","urlTemplate":"https:\/\/mariebraner.de\/portfolio\/?s={search_term_string}"},"query-input":{"@type":"PropertyValueSpecification","valueRequired":true,"valueName":"search_term_string"}}],"inLanguage":"de"},{"@type":["Person","Organization"],"@id":"https:\/\/mariebraner.de\/portfolio\/#\/schema\/person\/6ed2b264ddc6206a2e251cfe954a9776","name":"KleinMi","logo":{"@id":"https:\/\/mariebraner.de\/portfolio\/#\/schema\/person\/image\/"}}]}},"_links":{"self":[{"href":"https:\/\/mariebraner.de\/portfolio\/wp-json\/wp\/v2\/pages\/2395","targetHints":{"allow":["GET"]}}],"collection":[{"href":"https:\/\/mariebraner.de\/portfolio\/wp-json\/wp\/v2\/pages"}],"about":[{"href":"https:\/\/mariebraner.de\/portfolio\/wp-json\/wp\/v2\/types\/page"}],"author":[{"embeddable":true,"href":"https:\/\/mariebraner.de\/portfolio\/wp-json\/wp\/v2\/users\/3"}],"replies":[{"embeddable":true,"href":"https:\/\/mariebraner.de\/portfolio\/wp-json\/wp\/v2\/comments?post=2395"}],"version-history":[{"count":4,"href":"https:\/\/mariebraner.de\/portfolio\/wp-json\/wp\/v2\/pages\/2395\/revisions"}],"predecessor-version":[{"id":2400,"href":"https:\/\/mariebraner.de\/portfolio\/wp-json\/wp\/v2\/pages\/2395\/revisions\/2400"}],"wp:attachment":[{"href":"https:\/\/mariebraner.de\/portfolio\/wp-json\/wp\/v2\/media?parent=2395"}],"curies":[{"name":"wp","href":"https:\/\/api.w.org\/{rel}","templated":true}]}}

<div class="wp-block-image">
<figure class="aligncenter size-large"><img loading="lazy" decoding="async" width="1024" height="409" src="https://mariebraner.de/wp-content/uploads/2026/04/lesungen-1024x409.jpg" alt="" class="wp-image-2396" srcset="https://mariebraner.de/wp-content/uploads/2026/04/lesungen-1024x409.jpg 1024w, https://mariebraner.de/wp-content/uploads/2026/04/lesungen-300x120.jpg 300w, https://mariebraner.de/wp-content/uploads/2026/04/lesungen-768x307.jpg 768w, https://mariebraner.de/wp-content/uploads/2026/04/lesungen-1536x614.jpg 1536w, https://mariebraner.de/wp-content/uploads/2026/04/lesungen.jpg 1971w" sizes="auto, (max-width: 1024px) 100vw, 1024px" /></figure>
</div>


<p><mark style="background-color:rgba(0, 0, 0, 0)" class="has-inline-color has-white-color">.</mark></p>



<p><a href="https://mariebraner.de/portfolio/portfolio/das-glashaus-geheimnis-2/">Das Glashaus-Geheimnis</a>&nbsp;&amp;&nbsp;<a href="https://mariebraner.de/portfolio/portfolio/das-leuchtturm-geheimnis/">Das Leuchtturm-Geheimnis</a>&nbsp;gehen auf Lesereise und ihr könnt dabei sein!</p>



<p>Das müsst ihr wissen:</p>



<ul class="wp-block-list">
<li>Beide Titel sind von einander unabhängige Geschichten mit einem Fokus auf ein Rätselabenteuer, die jeweils während einer Lesung vorgestellt werden.</li>



<li>Angeboten werden interne Lesungen für Schulklassen und offene Events in Bibliotheken, Buchhandlungen oder Kultureinrichtungen.</li>



<li>Leseempfehlung ab 9 Jahren. </li>



<li>In Schulen gilt das Angebot für die Jahrgänge 3-6.</li>



<li>Eine Lesung dauert circa 60 Minuten. </li>
</ul>



<ul class="wp-block-list">
<li>(Ggf. signierte) Klassensätze oder Büchertische können in Zusammenarbeit mit Buchhandlungen oder dem Verlag organisiert werden.</li>



<li>Druckvorlagen für Lesungsplakate und Flyer werden kostenlos zur Verfügung gestellt.</li>
</ul>



<p><mark style="background-color:rgba(0, 0, 0, 0)" class="has-inline-color has-white-color">.</mark></p>



<p>Mehr Infos zu den Büchern findet ihr unter der Rubrik&nbsp;<a href="https://mariebraner.de/portfolio/buecher/">Bücher</a>&nbsp;oder direkt beim&nbsp;<a href="https://www.magellanverlag.de/person/braner-marie/124">Magellan Verlag</a>.&nbsp;</p>



<p>Anfragen können per Mail an meine Agentin Carolin Steffens der <a href="https://bilderkammer-illustrationsagentur.de">Bilderkammer Illustrationsagentur</a> <em>&#x63;&#x2e;&#x73;&#x74;&#101;&#102;&#102;en&#x73;&#x40;&#x62;&#x69;&#x6c;&#100;&#101;&#114;ka&#x6d;&#x6d;&#x65;&#x72;&#x2e;&#100;&#101;</em>  gestellt werden.</p>



<p>Ich freue mich auf euch!</p>



<p></p>

<p>. Das Glashaus-Geheimnis&nbsp;&amp;&nbsp;Das Leuchtturm-Geheimnis&nbsp;gehen auf Lesereise und ihr könnt dabei sein! Das müsst ihr wissen: . Mehr Infos zu den Büchern findet ihr unter der Rubrik&nbsp;Bücher&nbsp;oder direkt beim&nbsp;Magellan Verlag.&nbsp; Anfragen können per Mail an meine Agentin Carolin Steffens der Bilderkammer Illustrationsagentur &#x63;&#46;&#x73;&#116;&#x65;&#102;f&#x65;&#110;&#x73;&#64;b&#x69;&#108;&#x64;&#101;r&#x6b;a&#x6d;&#109;&#x65;&#x72;&#46;&#x64;&#101;  gestellt werden. Ich freue mich auf euch!</p>

<!-- This site is optimized with the Yoast SEO plugin v27.4 - https://yoast.com/product/yoast-seo-wordpress/ -->
<title>Lesungen - Marie Braner</title>
<meta name="robots" content="index, follow, max-snippet:-1, max-image-preview:large, max-video-preview:-1" />
<link rel="canonical" href="https://mariebraner.de/portfolio/lesungen/" />
<meta property="og:locale" content="de_DE" />
<meta property="og:type" content="article" />
<meta property="og:title" content="Lesungen - Marie Braner" />
<meta property="og:description" content=". Das Glashaus-Geheimnis&nbsp;&amp;&nbsp;Das Leuchtturm-Geheimnis&nbsp;gehen auf Lesereise und ihr könnt dabei sein! Das müsst ihr wissen: . Mehr Infos zu den Büchern findet ihr unter der Rubrik&nbsp;Bücher&nbsp;oder direkt beim&nbsp;Magellan Verlag.&nbsp; Anfragen können per Mail an meine Agentin Carolin Steffens der Bilderkammer Illustrationsagentur &#x63;&#x2e;&#x73;&#x74;&#x65;&#x66;&#x66;&#x65;&#x6e;&#x73;&#x40;&#x62;&#x69;&#x6c;&#100;&#101;&#114;&#107;&#097;&#109;&#109;&#101;&#114;&#046;&#100;e  gestellt werden. Ich freue mich auf euch!" />
<meta property="og:url" content="https://mariebraner.de/portfolio/lesungen/" />
<meta property="og:site_name" content="Marie Braner" />
<meta property="og:image" content="https://mariebraner.de/wp-content/uploads/2026/04/lesungen.jpg" />
	<meta property="og:image:width" content="1971" />
	<meta property="og:image:height" content="788" />
	<meta property="og:image:type" content="image/jpeg" />
<meta name="twitter:card" content="summary_large_image" />
<meta name="twitter:label1" content="Geschätzte Lesezeit" />
	<meta name="twitter:data1" content="1 Minute" />
<script type="application/ld+json" class="yoast-schema-graph">{"@context":"https:\/\/schema.org","@graph":[{"@type":"WebPage","@id":"https:\/\/mariebraner.de\/portfolio\/lesungen\/","url":"https:\/\/mariebraner.de\/portfolio\/lesungen\/","name":"Lesungen - Marie Braner","isPartOf":{"@id":"https:\/\/mariebraner.de\/portfolio\/#website"},"primaryImageOfPage":{"@id":"https:\/\/mariebraner.de\/portfolio\/lesungen\/#primaryimage"},"image":{"@id":"https:\/\/mariebraner.de\/portfolio\/lesungen\/#primaryimage"},"thumbnailUrl":"https:\/\/mariebraner.de\/wp-content\/uploads\/2026\/04\/lesungen-1024x409.jpg","datePublished":"2026-04-28T09:19:25+00:00","breadcrumb":{"@id":"https:\/\/mariebraner.de\/portfolio\/lesungen\/#breadcrumb"},"inLanguage":"de","potentialAction":[{"@type":"ReadAction","target":["https:\/\/mariebraner.de\/portfolio\/lesungen\/"]}]},{"@type":"ImageObject","inLanguage":"de","@id":"https:\/\/mariebraner.de\/portfolio\/lesungen\/#primaryimage","url":"https:\/\/mariebraner.de\/wp-content\/uploads\/2026\/04\/lesungen-1024x409.jpg","contentUrl":"https:\/\/mariebraner.de\/wp-content\/uploads\/2026\/04\/lesungen-1024x409.jpg"},{"@type":"BreadcrumbList","@id":"https:\/\/mariebraner.de\/portfolio\/lesungen\/#breadcrumb","itemListElement":[{"@type":"ListItem","position":1,"name":"Startseite","item":"https:\/\/mariebraner.de\/portfolio\/"},{"@type":"ListItem","position":2,"name":"Lesungen"}]},{"@type":"WebSite","@id":"https:\/\/mariebraner.de\/portfolio\/#website","url":"https:\/\/mariebraner.de\/portfolio\/","name":"Marie Braner","description":"Illustrationen und Geschichten","publisher":{"@id":"https:\/\/mariebraner.de\/portfolio\/#\/schema\/person\/6ed2b264ddc6206a2e251cfe954a9776"},"potentialAction":[{"@type":"SearchAction","target":{"@type":"EntryPoint","urlTemplate":"https:\/\/mariebraner.de\/portfolio\/?s={search_term_string}"},"query-input":{"@type":"PropertyValueSpecification","valueRequired":true,"valueName":"search_term_string"}}],"inLanguage":"de"},{"@type":["Person","Organization"],"@id":"https:\/\/mariebraner.de\/portfolio\/#\/schema\/person\/6ed2b264ddc6206a2e251cfe954a9776","name":"KleinMi","logo":{"@id":"https:\/\/mariebraner.de\/portfolio\/#\/schema\/person\/image\/"}}]}</script>
<!-- / Yoast SEO plugin. -->

. Das Glashaus-Geheimnis&nbsp;&amp;&nbsp;Das Leuchtturm-Geheimnis&nbsp;gehen auf Lesereise und ihr könnt dabei sein! Das müsst ihr wissen: . Mehr Infos zu den Büchern findet ihr unter der Rubrik&nbsp;Bücher&nbsp;oder direkt beim&nbsp;Magellan Verlag.&nbsp; Anfragen können per Mail an meine Agentin Carolin Steffens der Bilderkammer Illustrationsagentur &#x63;&#x2e;&#x73;&#x74;&#x65;&#x66;&#x66;&#x65;&#x6e;&#x73;&#x40;&#x62;&#x69;&#x6c;&#100;&#101;&#114;&#107;&#97;&#109;&#109;&#101;&#114;&#46;&#100;e  gestellt werden. Ich freue mich auf euch!
